?
True
Let t = 188026 - 120433. Is t prime?
False
Let q(p) be the third derivative of -p**6/120 + 43*p**5/60 + 37*p**4/24 - 5*p**3/3 - p**2 + 85*p. Is q(19) a composite number?
True
Let f be (-97)/(-5) - 30/(-50). Suppose -5*v = -0*v + f, 4*r + 3*v - 19516 = 0. Is r a composite number?
True
Suppose 4*a = 5*r - 508521, 2*a - 8628 - 296467 = -3*r. Is r a prime number?
True
Suppose -107117 = -3*m + 60784. Is m a prime number?
True
Let n = -9 - -14. Suppose 4*j - 5*c = 348 + 512, -n*c = 20. Let y = -113 + j. Is y composite?
False
Suppose 245119 = -35*t + 1729221 + 807663. Is t a prime number?
True
Suppose 7*j = -0*j + 35. Suppose -j*f = -8*f. Suppose f*v - 4*v = k - 1258, 5*k - 10 = 0. Is v composite?
True
Let f(n) = -39 + 78 - n - 42. Let g be f(7). Is 6/g + 24440/25 a composite number?
False
Let p(h) = -2869*h**3 + 15*h**2 - 8*h - 17. Is p(-4) a prime number?
True
Is (-2)/(-3) + (11811384/(-54))/(-4) composite?
True
Suppose 5*j - 19 + 1 = -3*t, 3*j - 5 = 4*t. Is (j - 2241)/(-6) + 0 prime?
True
Suppose 8 = -2*l - 3*g + 36, 2*g + 32 = 5*l. Suppose -l = 3*p - 2. Let i(k) = 382*k**2 - 3*k + 3. Is i(p) a prime number?
False
Let b be (-16 + 17)/((-2)/(-4)). Suppose 4*s = -8, -k - b*s = 2*s - 1179. Is k a composite number?
False
Suppose -18 = -l - 25, 0 = -4*o - 3*l + 90847. Is o a prime number?
True
Suppose 4*g - 26 = -6. Suppose 12*j = 15*j + 3*x - 5496, g*j = 5*x + 9210. Is j a prime number?
False
Suppose -11 = -5*h + 3*y - 6*y, 4*y + 4 = -2*h. Suppose 3*z + 4*d = 6, 0 = -4*z - h*d - 4 + 12. Is (z*(-1 + 3))/(8/3508) a prime number?
False
Let r(x) = -24*x - 752. Let l be r(-31). Suppose -d = 1, -5*d = -3*u - 2*u + 5. Is 20/(u + -5)*2434/l a composite number?
False
Let u(f) = -5389*f - 8086. Is u(-5) prime?
True
Is 5 + (-4 - -3) - (-7 + -6 + -87140) a composite number?
True
Let r be (0 - -3 - -37439)/2. Suppose 0 = -9*h + r + 20960. Is h composite?
False
Let l(q) = 356*q**2 + 63*q - 24. Let d be l(11). Suppose -11*w - d = -16*w. Is w prime?
False
Suppose 5*r + 294074 = -5*n + 8*n, 10*n - 4*r = 980234. Is n prime?
False
Let u(m) = -m**2 + 37*m + 33. Let f be u(38). Is (-55067)/(-15) - (f - 154/(-30)) composite?
False
Let m be ((-7)/(-14)*-1)/((-4)/16). Suppose 0 = 3*s - 4*s + 78. Is (52/s)/(m/1509) a prime number?
True
Suppose 0 = 5*s - 5*d - 27 + 17, -14 = -4*s + 2*d. Suppose -w + 16989 = w - 3*h, 0 = -w + s*h + 8484. Is w prime?
False
Let t(s) = -16*s + 4. Let r be t(2). Let v = r + 32. Suppose -v*c + 5*w = w - 1348, 4*w = -c + 337. Is c composite?
False
Let z = -66 + 72. Suppose 4*c - 1914 = -5*y + 1265, 2*y = z. Is c a composite number?
True
Suppose -5*r + 240251 = 2*g, -r - 25*g = -28*g - 48040. Is r composite?
False
Suppose 0*n - 30860 = -5*n. Suppose 18*s - n = 14*s. Is (-11)/4 + 9/12 + s a prime number?
False
Suppose -5*j - 10 = -0*j. Is 57884/87*(1 - j/4) a prime number?
False
Let w be 1504017/117 + (-4)/(-26). Let v = w + -8684. Is v a composite number?
True
Let a = 281 - 283. Is a - 51573/(-33) - 6/(-33) prime?
False
Suppose 2*y - 4*y = 3*t - 1, -4*t + 3*y = -24. Let z(f) = -f + 5. Let r be z(-13). Is (9/t)/(r/1230) a prime number?
False
Let r(x) = x**3 + 13*x**2 - 28*x + 36. Let n be r(-15). Suppose 1519 = n*i - 1997. Is i prime?
False
Suppose 6878323 = 37*r + 484206 - 18053892. Is r a composite number?
False
Let v(u) = 264*u**2 - 32*u + 6. Let n be v(5). Let c = n - 2955. Is c composite?
False
Let w(a) = 955*a**2 - 17*a - 193. Is w(-15) prime?
False
Suppose 3*l + 91143 = 5*k + 456417, -5*k + 121778 = l. Is l a composite number?
False
Suppose 4*k + 4*p - 129870 = 469562, -3*p = 2*k - 299713. Is k a composite number?
False
Let t(u) = 10*u**2 - 5. Let i be -14 + (0 - -4) + -2 - 0. Let d be i/3 + (64/4)/(-4). Is t(d) composite?
True
Let s = 257 - 267. Is (-23098)/(1 + 0 - (13 + s)) a prime number?
True
Suppose 0 = -15*v - 17*v + 579648. Suppose -v - 26378 = -28*l. Is l a prime number?
False
Is -2 + 0 - 2*395997/(-14) prime?
True
Let d(y) = 85*y**2 + 53*y - 50. Let w be d(22). Suppose 7*c = -9*c + w. Is c composite?
True
Is 27/(-9)*(-4 + (-171318)/9 + 0) a prime number?
False
Suppose 0 = -513*v + 9765742 + 3436313. Is v composite?
True
Let r be 40 + 8054 - (-2 - -1). Let d = r - 3536. Is d a prime number?
False
Let t(f) = -70689*f + 589. Is t(-16) composite?
True
Suppose -5*f + 15 = -10. Suppose 959 = 2*q + 12*j - 11*j, 0 = -f*q + j + 2394. Is q prime?
True
Let z(j) = -j**2 + 3*j - 3. Let h be z(9). Let s = 49 + h. Is (-1674)/s - 5/20 composite?
True
Let p(m) = m**3 - 11*m**2 - 26*m - 8. Let q be p(13). Let x(v) = -38*v**3 + 17*v**2 + 4*v + 31. Is x(q) a prime number?
True
Let t(d) be the third derivative of 109*d**4/24 + 259*d**3/6 - 116*d**2. Is t(36) a composite number?
True
Let a(m) = -m**3 + 15*m**2 + 17*m - 12. Let q be a(16). Let d be (-10)/4*(q - 6). Suppose 295 + 960 = d*f. Is f a prime number?
True
Let q(b) be the second derivative of -517*b**3/2 - 2*b**2 + 167*b. Is q(-5) a composite number?
True
Suppose 691644 = -2452*g + 2464*g. Is g composite?
False
Let i = 2054955 - 922402. Is i prime?
False
Let y = 188111 - 66400. Is y a prime number?
True
Suppose 1079080 = 4*x - 1506652. Is x prime?
True
Let b(y) be the first derivative of y**3 - 5*y**2 + 45*y - 24. Is b(13) a prime number?
False
Suppose 0 = 2*q + 2*q - 172. Let d(a) = -2*a - 1 + 2 + 3*a**2 + 0*a**2 + q*a**3 + 13*a**3. Is d(2) prime?
True
Let s(j) = -3*j - 30. Let p be s(-10). Suppose 3*z - 144 = h, z = h + 46 - p. Let g = z + 34. Is g a composite number?
False
Let y(p) = 631*p**2 + 21*p + 7. Suppose -g - 6 = -3*i, -2*g - 3*g + 5*i = 0. Is y(g) a prime number?
True
Suppose 49*v - 48501 = 41610. Is v a composite number?
True
Let x(p) = 6*p + 45. Let i be x(-4). Let c(y) = 3*y**2 + 3*y - 71. Is c(i) a prime number?
False
Suppose 94*z - 14079135 - 766021 = 679978. Is z a composite number?
False
Let d(b) = 9*b + 4*b**2 + 5 - 23*b - 3*b**2. Let n be d(14). Suppose -403 = -x - 4*i, -423 = -x + n*i - 4*i. Is x composite?
False
Suppose 2221 = 3*a - 0*a + 4*o, 0 = -5*a + 2*o + 3693. Let l = 1210 - a. Let x = 1274 - l. Is x composite?
True
Let a = 10633 + -7117. Suppose -a = 9*w - 21*w. Is w composite?
False
Suppose 0 = -27*t - 11*t + 1330. Suppose -45*o = -t*o - 71170. Is o prime?
False
Let i = -1995 - -920. Let t be (3/(-2))/(2 - i/(-536)). Suppose -t + 746 = y. Is y prime?
False
Let m(q) = 2*q**2 + 17*q + 3. Let r be m(9). Let a = 947 - r. Is a a prime number?
False
Suppose o = -3*i - 2*i - 14, -3*o = i. Is ((-6)/12 + o)*1*3082 a composite number?
True
Suppose 3*q - 28958 = -5*v, -5*q + 9360 + 2227 = 2*v. Is v a prime number?
True
Let b(g) = 771*g - 117. Let v(i) = 257*i - 39. Let y = -23 - -25. Let c(z) = y*b(z) - 7*v(z). Is c(-10) prime?
True
Let o(p) = -228*p**2 + 4*p - 4. Let i be o(-4). Let x = 6919 + i. Is x a prime number?
True
Suppose -x = -52 + 47, -4*s + 2*x = -2858. Is s a composite number?
True
Suppose 0 = -2*a - 9 + 235. Let h = 2637 + -2431. Let g = h - a. Is g a prime number?
False
Let i(g) = -252*g**3 - 7*g**2 - 12*g + 16. Let q(x) = 84*x**3 + 2*x**2 + 4*x - 5. Let t(z) = 2*i(z) + 7*q(z). Let a = -916 - -918. Is t(a) a composite number?
False
Let a(l) = 3*l**3 + 4*l**2 + 2*l + 1. Let d = 40 + -3. Let o = d - 33. Is a(o) composite?
True
Let y(c) = c**3 - 7*c**2 + 13*c + 19. Suppose 22*x - 65 = 155. Is y(x) a composite number?
False
Suppose 0 = 3*a - 8*a + 4*v - 12, 14 = -a - 5*v. Let x(r) = -r. Let m be x(a). Suppose 0 = m*c - 2213 - 3783. Is c prime?
True
Suppose 50*z + 24776837 = -22*z + 70864397. Is z prime?
False
Suppose -3*t + 15633 = 5*f, 2*f + 0*f = -t + 6254. Let h = f - 650. Is h composite?
True
Let t(k) be the first derivative of k**4/4 - 5*k**3/3 + k**2 - 8*k + 27. Let b be t(5). Suppose b*l = 5*f - 9181, 11*l - 6*l = 5*f - 9190. Is f prime?
False
Let q be 2/1 - 4/4. Suppose 3*s = q + 17. Suppose s*h - 17634 = -0*h. Is h a composite number?
False
Let p(j) = 9*j**2 + 2*j + 13. Let m(h) = 9*h**2 + 2*h + 12. Let x(z) = 4*m(z) - 3*p(z). Let f be x(8). Is f*(-3)/(9/(-21)) composite?
True
Let g be 5286/3*(-2)/(-4). Suppose 3 - 1 = -2*r, -5*r + 10 = 5*u. Suppose -v - g = -3*l, u*l - 5*v - 419 - 470 = 0. Is l a prime number?
True
Let r(w) = -2*w**3 + 28*w**2 - 21*w - 41. Let g be r(23). Let k = 21019 + g. Is k composite?
False
Suppose -2*z + 4197 = 3*w - 0*w, -3